{"id":199,"date":"2012-12-17T12:23:43","date_gmt":"2012-12-17T11:23:43","guid":{"rendered":"http:\/\/thebigband.pflaeging.net\/?page_id=199"},"modified":"2012-12-17T12:23:43","modified_gmt":"2012-12-17T11:23:43","slug":"2011-2","status":"publish","type":"page","link":"https:\/\/www.bbdw.at\/?page_id=199","title":{"rendered":"2011"},"content":{"rendered":"<p><strong>2011<\/strong>\u00a0<\/p>\n<ul>\n<li>18.03. bis 20.03.\u00a0<a title=\"Big Band Camp 2011\" href=\"http:\/\/www.thebigband.at\/galerie\/2011-2\/big-band-camp-2011\/\">Big Band Camp in Raach im Hochgebirge<\/a><\/li>\n<li>06.05. <a title=\"Konzert in Langenzersdorf\" href=\"http:\/\/www.thebigband.at\/galerie\/konzert-in-langenzersdorf\/\">Konzert in Langenzersdorf<\/a><\/li>\n<li>22.05. <a title=\"Spargelfest 2011\" href=\"http:\/\/www.thebigband.at\/galerie\/2011-2\/spargelfest-2011\/\">Spargelfest Deutsch-Wagram 2011<\/a><\/li>\n<li>20.09. <a title=\"Ehrenringverleihung J\u00fcrgen Melzer\" href=\"http:\/\/www.thebigband.at\/galerie\/2011-2\/ehrenringverleihung-jurgen-melzer\/\">Ehrenringverleihung J\u00fcrgen Melzer<\/a><\/li>\n<\/ul>\n<div id='gallery-1' class='gallery galleryid-199 gallery-columns-4 gallery-size-thumbnail'><figure class='gallery-item'>\n\t\t\t<div class='gallery-icon landscape'>\n\t\t\t\t<a href='https:\/\/www.bbdw.at\/?attachment_id=606'><img loading=\"lazy\" decoding=\"async\" width=\"150\" height=\"150\" src=\"https:\/\/www.bbdw.at\/wp-content\/uploads\/2012\/12\/IMG_1190-150x150.jpg\" class=\"attachment-thumbnail size-thumbnail\" alt=\"\" aria-describedby=\"gallery-1-606\" srcset=\"https:\/\/www.bbdw.at\/wp-content\/uploads\/2012\/12\/IMG_1190-150x150.jpg 150w, https:\/\/www.bbdw.at\/wp-content\/uploads\/2012\/12\/IMG_1190-100x100.jpg 100w\" sizes=\"auto, (max-width: 150px) 100vw, 150px\" \/><\/a>\n\t\t\t<\/div>\n\t\t\t\t<figcaption class='wp-caption-text gallery-caption' id='gallery-1-606'>\n\t\t\t\tBig Band Camp\n\t\t\t\t<\/figcaption><\/figure><figure class='gallery-item'>\n\t\t\t<div class='gallery-icon landscape'>\n\t\t\t\t<a href='https:\/\/www.bbdw.at\/?attachment_id=224'><img loading=\"lazy\" decoding=\"async\" width=\"150\" height=\"150\" src=\"https:\/\/www.bbdw.at\/wp-content\/uploads\/2012\/12\/DSC_1231_Bildgr\u00f6\u00dfe-\u00e4ndern-150x150.jpg\" class=\"attachment-thumbnail size-thumbnail\" alt=\"Konzert in Langenzersdorf\" aria-describedby=\"gallery-1-224\" srcset=\"https:\/\/www.bbdw.at\/wp-content\/uploads\/2012\/12\/DSC_1231_Bildgr\u00f6\u00dfe-\u00e4ndern-150x150.jpg 150w, https:\/\/www.bbdw.at\/wp-content\/uploads\/2012\/12\/DSC_1231_Bildgr\u00f6\u00dfe-\u00e4ndern-100x100.jpg 100w\" sizes=\"auto, (max-width: 150px) 100vw, 150px\" \/><\/a>\n\t\t\t<\/div>\n\t\t\t\t<figcaption class='wp-caption-text gallery-caption' id='gallery-1-224'>\n\t\t\t\tzwei Big Bands auf der B\u00fchne\n\t\t\t\t<\/figcaption><\/figure><figure class='gallery-item'>\n\t\t\t<div class='gallery-icon landscape'>\n\t\t\t\t<a href='https:\/\/www.bbdw.at\/?attachment_id=294'><img loading=\"lazy\" decoding=\"async\" width=\"150\" height=\"150\" src=\"https:\/\/www.bbdw.at\/wp-content\/uploads\/2012\/12\/DSC_1558-150x150.jpg\" class=\"attachment-thumbnail size-thumbnail\" alt=\"Spargelfest 2011\" aria-describedby=\"gallery-1-294\" srcset=\"https:\/\/www.bbdw.at\/wp-content\/uploads\/2012\/12\/DSC_1558-150x150.jpg 150w, https:\/\/www.bbdw.at\/wp-content\/uploads\/2012\/12\/DSC_1558-100x100.jpg 100w\" sizes=\"auto, (max-width: 150px) 100vw, 150px\" \/><\/a>\n\t\t\t<\/div>\n\t\t\t\t<figcaption class='wp-caption-text gallery-caption' id='gallery-1-294'>\n\t\t\t\tSpargelfest\n\t\t\t\t<\/figcaption><\/figure><figure class='gallery-item'>\n\t\t\t<div class='gallery-icon landscape'>\n\t\t\t\t<a href='https:\/\/www.bbdw.at\/?attachment_id=310'><img loading=\"lazy\" decoding=\"async\" width=\"150\" height=\"150\" src=\"https:\/\/www.bbdw.at\/wp-content\/uploads\/2012\/12\/ehrenringverleihung-j\u00fcrgen-melzer-150x150.jpg\" class=\"attachment-thumbnail size-thumbnail\" alt=\"\" aria-describedby=\"gallery-1-310\" srcset=\"https:\/\/www.bbdw.at\/wp-content\/uploads\/2012\/12\/ehrenringverleihung-j\u00fcrgen-melzer-150x150.jpg 150w, https:\/\/www.bbdw.at\/wp-content\/uploads\/2012\/12\/ehrenringverleihung-j\u00fcrgen-melzer-100x100.jpg 100w\" sizes=\"auto, (max-width: 150px) 100vw, 150px\" \/><\/a>\n\t\t\t<\/div>\n\t\t\t\t<figcaption class='wp-caption-text gallery-caption' id='gallery-1-310'>\n\t\t\t\tEhrenringverleihung J\u00fcrgen Melzer\n\t\t\t\t<\/figcaption><\/figure>\n\t\t<\/div>\n\n<p>&nbsp;<\/p>\n","protected":false},"excerpt":{"rendered":"<p>2011\u00a0 18.03. bis 20.03.\u00a0Big Band Camp in Raach im Hochgebirge 06.05. Konzert in Langenzersdorf 22.05. Spargelfest Deutsch-Wagram 2011 20.09. Ehrenringverleihung J\u00fcrgen Melzer &nbsp;<\/p>\n","protected":false},"author":2,"featured_media":0,"parent":151,"menu_order":13,"comment_status":"open","ping_status":"open","template":"showcase.php","meta":{"footnotes":""},"class_list":["post-199","page","type-page","status-publish","hentry"],"_links":{"self":[{"href":"https:\/\/www.bbdw.at\/index.php?rest_route=\/wp\/v2\/pages\/199","targetHints":{"allow":["GET"]}}],"collection":[{"href":"https:\/\/www.bbdw.at\/index.php?rest_route=\/wp\/v2\/pages"}],"about":[{"href":"https:\/\/www.bbdw.at\/index.php?rest_route=\/wp\/v2\/types\/page"}],"author":[{"embeddable":true,"href":"https:\/\/www.bbdw.at\/index.php?rest_route=\/wp\/v2\/users\/2"}],"replies":[{"embeddable":true,"href":"https:\/\/www.bbdw.at\/index.php?rest_route=%2Fwp%2Fv2%2Fcomments&post=199"}],"version-history":[{"count":0,"href":"https:\/\/www.bbdw.at\/index.php?rest_route=\/wp\/v2\/pages\/199\/revisions"}],"up":[{"embeddable":true,"href":"https:\/\/www.bbdw.at\/index.php?rest_route=\/wp\/v2\/pages\/151"}],"wp:attachment":[{"href":"https:\/\/www.bbdw.at\/index.php?rest_route=%2Fwp%2Fv2%2Fmedia&parent=199"}],"curies":[{"name":"wp","href":"https:\/\/api.w.org\/{rel}","templated":true}]}}