{"id":2147,"date":"2016-06-04T10:46:24","date_gmt":"2016-06-04T08:46:24","guid":{"rendered":"http:\/\/www.thebigband.at\/?page_id=2147"},"modified":"2016-06-04T10:46:24","modified_gmt":"2016-06-04T08:46:24","slug":"musik-unter-sternen-2016","status":"publish","type":"page","link":"https:\/\/www.bbdw.at\/?page_id=2147","title":{"rendered":"Musik unter Sternen 2016"},"content":{"rendered":"<p>Am 3. Juni 2016 fand im Garten der Musikschule Deutsch-Wagram wie in den beiden Vorjahren das gro\u00dfe Big Band Konzert statt. Die Band pr\u00e4sentierte tolle Arrangements ausgew\u00e4hlter Klassiker von <a href=\"https:\/\/youtu.be\/BsWhcRPpgzE\"><u><span style=\"color: #0066cc;\">Sammy Nestico<\/span><\/u><\/a> oder <a href=\"https:\/\/youtu.be\/GhvXEik5gt4\"><u><span style=\"color: #0066cc;\">Bill Holman<\/span><\/u><\/a>, sowie anspruchsvolle\u00a0zeitgen\u00f6ssische Kompositionen vom Deutsch-Wagramer Klavier-Lehrer <a href=\"https:\/\/youtu.be\/W_mrqGcb2oE\"><u><span style=\"color: #0066cc;\">Michael Kahr<\/span><\/u><\/a> und unserer S\u00e4ngerin <a href=\"https:\/\/youtu.be\/QU74fefozEU\">\u00c1ngela Tr\u00f6ndle<\/a>.<br \/>\nBruno Gro\u00df und Mitglieder des Blasorchesters versorgten G\u00e4ste sowie Musiker Bestens mit Getr\u00e4nken und Gegrilltem.<\/p>\n<p>Ausgew\u00e4hlte Videos gibt&#8217;s auf einer eigenen <a href=\"https:\/\/www.youtube.com\/watch?v=FLJQVT1XSEA&amp;list=PLfuKvwNQkuo7xMWMbRZNonGb79YI7AbY2\">YouTube-Playlist<\/a>.<\/p>\n<div id='gallery-1' class='gallery galleryid-2147 gallery-columns-4 gallery-size-thumbnail'><figure class='gallery-item'>\n\t\t\t<div class='gallery-icon portrait'>\n\t\t\t\t<a href='https:\/\/www.bbdw.at\/?attachment_id=2146'><img loading=\"lazy\" decoding=\"async\" width=\"150\" height=\"150\" src=\"https:\/\/www.bbdw.at\/wp-content\/uploads\/2016\/06\/DSC_7462-150x150.jpg\" class=\"attachment-thumbnail size-thumbnail\" alt=\"\" srcset=\"https:\/\/www.bbdw.at\/wp-content\/uploads\/2016\/06\/DSC_7462-150x150.jpg 150w, https:\/\/www.bbdw.at\/wp-content\/uploads\/2016\/06\/DSC_7462-100x100.jpg 100w\" sizes=\"auto, (max-width: 150px) 100vw, 150px\" \/><\/a>\n\t\t\t<\/div><\/figure><figure class='gallery-item'>\n\t\t\t<div class='gallery-icon landscape'>\n\t\t\t\t<a href='https:\/\/www.bbdw.at\/?attachment_id=2145'><img loading=\"lazy\" decoding=\"async\" width=\"150\" height=\"150\" src=\"https:\/\/www.bbdw.at\/wp-content\/uploads\/2016\/06\/DSC_7455-150x150.jpg\" class=\"attachment-thumbnail size-thumbnail\" alt=\"\" srcset=\"https:\/\/www.bbdw.at\/wp-content\/uploads\/2016\/06\/DSC_7455-150x150.jpg 150w, https:\/\/www.bbdw.at\/wp-content\/uploads\/2016\/06\/DSC_7455-100x100.jpg 100w\" sizes=\"auto, (max-width: 150px) 100vw, 150px\" \/><\/a>\n\t\t\t<\/div><\/figure><figure class='gallery-item'>\n\t\t\t<div class='gallery-icon landscape'>\n\t\t\t\t<a href='https:\/\/www.bbdw.at\/?attachment_id=2144'><img loading=\"lazy\" decoding=\"async\" width=\"150\" height=\"150\" src=\"https:\/\/www.bbdw.at\/wp-content\/uploads\/2016\/06\/DSC_7453-150x150.jpg\" class=\"attachment-thumbnail size-thumbnail\" alt=\"\" srcset=\"https:\/\/www.bbdw.at\/wp-content\/uploads\/2016\/06\/DSC_7453-150x150.jpg 150w, https:\/\/www.bbdw.at\/wp-content\/uploads\/2016\/06\/DSC_7453-100x100.jpg 100w\" sizes=\"auto, (max-width: 150px) 100vw, 150px\" \/><\/a>\n\t\t\t<\/div><\/figure><figure class='gallery-item'>\n\t\t\t<div class='gallery-icon landscape'>\n\t\t\t\t<a href='https:\/\/www.bbdw.at\/?attachment_id=2143'><img loading=\"lazy\" decoding=\"async\" width=\"150\" height=\"150\" src=\"https:\/\/www.bbdw.at\/wp-content\/uploads\/2016\/06\/DSC_7440-150x150.jpg\" class=\"attachment-thumbnail size-thumbnail\" alt=\"\" srcset=\"https:\/\/www.bbdw.at\/wp-content\/uploads\/2016\/06\/DSC_7440-150x150.jpg 150w, https:\/\/www.bbdw.at\/wp-content\/uploads\/2016\/06\/DSC_7440-100x100.jpg 100w\" sizes=\"auto, (max-width: 150px) 100vw, 150px\" \/><\/a>\n\t\t\t<\/div><\/figure><figure class='gallery-item'>\n\t\t\t<div class='gallery-icon landscape'>\n\t\t\t\t<a href='https:\/\/www.bbdw.at\/?attachment_id=2142'><img loading=\"lazy\" decoding=\"async\" width=\"150\" height=\"150\" src=\"https:\/\/www.bbdw.at\/wp-content\/uploads\/2016\/06\/DSC_7613-150x150.jpg\" class=\"attachment-thumbnail size-thumbnail\" alt=\"\" srcset=\"https:\/\/www.bbdw.at\/wp-content\/uploads\/2016\/06\/DSC_7613-150x150.jpg 150w, https:\/\/www.bbdw.at\/wp-content\/uploads\/2016\/06\/DSC_7613-100x100.jpg 100w\" sizes=\"auto, (max-width: 150px) 100vw, 150px\" \/><\/a>\n\t\t\t<\/div><\/figure><figure class='gallery-item'>\n\t\t\t<div class='gallery-icon landscape'>\n\t\t\t\t<a href='https:\/\/www.bbdw.at\/?attachment_id=2141'><img loading=\"lazy\" decoding=\"async\" width=\"150\" height=\"150\" src=\"https:\/\/www.bbdw.at\/wp-content\/uploads\/2016\/06\/DSC_7600-150x150.jpg\" class=\"attachment-thumbnail size-thumbnail\" alt=\"\" srcset=\"https:\/\/www.bbdw.at\/wp-content\/uploads\/2016\/06\/DSC_7600-150x150.jpg 150w, https:\/\/www.bbdw.at\/wp-content\/uploads\/2016\/06\/DSC_7600-100x100.jpg 100w\" sizes=\"auto, (max-width: 150px) 100vw, 150px\" \/><\/a>\n\t\t\t<\/div><\/figure><figure class='gallery-item'>\n\t\t\t<div class='gallery-icon landscape'>\n\t\t\t\t<a href='https:\/\/www.bbdw.at\/?attachment_id=2140'><img loading=\"lazy\" decoding=\"async\" width=\"150\" height=\"150\" src=\"https:\/\/www.bbdw.at\/wp-content\/uploads\/2016\/06\/DSC_7591-150x150.jpg\" class=\"attachment-thumbnail size-thumbnail\" alt=\"\" srcset=\"https:\/\/www.bbdw.at\/wp-content\/uploads\/2016\/06\/DSC_7591-150x150.jpg 150w, https:\/\/www.bbdw.at\/wp-content\/uploads\/2016\/06\/DSC_7591-100x100.jpg 100w\" sizes=\"auto, (max-width: 150px) 100vw, 150px\" \/><\/a>\n\t\t\t<\/div><\/figure><figure class='gallery-item'>\n\t\t\t<div class='gallery-icon portrait'>\n\t\t\t\t<a href='https:\/\/www.bbdw.at\/?attachment_id=2139'><img loading=\"lazy\" decoding=\"async\" width=\"150\" height=\"150\" src=\"https:\/\/www.bbdw.at\/wp-content\/uploads\/2016\/06\/DSC_7515-150x150.jpg\" class=\"attachment-thumbnail size-thumbnail\" alt=\"\" srcset=\"https:\/\/www.bbdw.at\/wp-content\/uploads\/2016\/06\/DSC_7515-150x150.jpg 150w, https:\/\/www.bbdw.at\/wp-content\/uploads\/2016\/06\/DSC_7515-100x100.jpg 100w\" sizes=\"auto, (max-width: 150px) 100vw, 150px\" \/><\/a>\n\t\t\t<\/div><\/figure><figure class='gallery-item'>\n\t\t\t<div class='gallery-icon landscape'>\n\t\t\t\t<a href='https:\/\/www.bbdw.at\/?attachment_id=2138'><img loading=\"lazy\" decoding=\"async\" width=\"150\" height=\"150\" src=\"https:\/\/www.bbdw.at\/wp-content\/uploads\/2016\/06\/DSC_7494-150x150.jpg\" class=\"attachment-thumbnail size-thumbnail\" alt=\"\" srcset=\"https:\/\/www.bbdw.at\/wp-content\/uploads\/2016\/06\/DSC_7494-150x150.jpg 150w, https:\/\/www.bbdw.at\/wp-content\/uploads\/2016\/06\/DSC_7494-100x100.jpg 100w\" sizes=\"auto, (max-width: 150px) 100vw, 150px\" \/><\/a>\n\t\t\t<\/div><\/figure><figure class='gallery-item'>\n\t\t\t<div class='gallery-icon landscape'>\n\t\t\t\t<a href='https:\/\/www.bbdw.at\/?attachment_id=2137'><img loading=\"lazy\" decoding=\"async\" width=\"150\" height=\"150\" src=\"https:\/\/www.bbdw.at\/wp-content\/uploads\/2016\/06\/DSC_7486-150x150.jpg\" class=\"attachment-thumbnail size-thumbnail\" alt=\"\" srcset=\"https:\/\/www.bbdw.at\/wp-content\/uploads\/2016\/06\/DSC_7486-150x150.jpg 150w, https:\/\/www.bbdw.at\/wp-content\/uploads\/2016\/06\/DSC_7486-100x100.jpg 100w\" sizes=\"auto, (max-width: 150px) 100vw, 150px\" \/><\/a>\n\t\t\t<\/div><\/figure><figure class='gallery-item'>\n\t\t\t<div class='gallery-icon landscape'>\n\t\t\t\t<a href='https:\/\/www.bbdw.at\/?attachment_id=2136'><img loading=\"lazy\" decoding=\"async\" width=\"150\" height=\"150\" src=\"https:\/\/www.bbdw.at\/wp-content\/uploads\/2016\/06\/DSC_7472-150x150.jpg\" class=\"attachment-thumbnail size-thumbnail\" alt=\"\" srcset=\"https:\/\/www.bbdw.at\/wp-content\/uploads\/2016\/06\/DSC_7472-150x150.jpg 150w, https:\/\/www.bbdw.at\/wp-content\/uploads\/2016\/06\/DSC_7472-100x100.jpg 100w\" sizes=\"auto, (max-width: 150px) 100vw, 150px\" \/><\/a>\n\t\t\t<\/div><\/figure><figure class='gallery-item'>\n\t\t\t<div class='gallery-icon portrait'>\n\t\t\t\t<a href='https:\/\/www.bbdw.at\/?attachment_id=2135'><img loading=\"lazy\" decoding=\"async\" width=\"150\" height=\"150\" src=\"https:\/\/www.bbdw.at\/wp-content\/uploads\/2016\/06\/DSC_7466-150x150.jpg\" class=\"attachment-thumbnail size-thumbnail\" alt=\"\" srcset=\"https:\/\/www.bbdw.at\/wp-content\/uploads\/2016\/06\/DSC_7466-150x150.jpg 150w, https:\/\/www.bbdw.at\/wp-content\/uploads\/2016\/06\/DSC_7466-100x100.jpg 100w\" sizes=\"auto, (max-width: 150px) 100vw, 150px\" \/><\/a>\n\t\t\t<\/div><\/figure>\n\t\t<\/div>\n\n","protected":false},"excerpt":{"rendered":"<p>Am 3. Juni 2016 fand im Garten der Musikschule Deutsch-Wagram wie in den beiden Vorjahren das gro\u00dfe Big Band Konzert statt. Die Band pr\u00e4sentierte tolle Arrangements ausgew\u00e4hlter Klassiker von Sammy Nestico oder Bill Holman, sowie anspruchsvolle\u00a0zeitgen\u00f6ssische Kompositionen vom Deutsch-Wagramer Klavier-Lehrer Michael Kahr und unserer S\u00e4ngerin \u00c1ngela Tr\u00f6ndle. Bruno Gro\u00df und Mitglieder des Blasorchesters versorgten G\u00e4ste &hellip; <a href=\"https:\/\/www.bbdw.at\/?page_id=2147\" class=\"more-link\"><span class=\"screen-reader-text\">Musik unter Sternen 2016<\/span> weiterlesen <span class=\"meta-nav\">&rarr;<\/span><\/a><\/p>\n","protected":false},"author":2,"featured_media":0,"parent":2084,"menu_order":5,"comment_status":"closed","ping_status":"closed","template":"","meta":{"footnotes":""},"class_list":["post-2147","page","type-page","status-publish","hentry"],"_links":{"self":[{"href":"https:\/\/www.bbdw.at\/index.php?rest_route=\/wp\/v2\/pages\/2147","targetHints":{"allow":["GET"]}}],"collection":[{"href":"https:\/\/www.bbdw.at\/index.php?rest_route=\/wp\/v2\/pages"}],"about":[{"href":"https:\/\/www.bbdw.at\/index.php?rest_route=\/wp\/v2\/types\/page"}],"author":[{"embeddable":true,"href":"https:\/\/www.bbdw.at\/index.php?rest_route=\/wp\/v2\/users\/2"}],"replies":[{"embeddable":true,"href":"https:\/\/www.bbdw.at\/index.php?rest_route=%2Fwp%2Fv2%2Fcomments&post=2147"}],"version-history":[{"count":0,"href":"https:\/\/www.bbdw.at\/index.php?rest_route=\/wp\/v2\/pages\/2147\/revisions"}],"up":[{"embeddable":true,"href":"https:\/\/www.bbdw.at\/index.php?rest_route=\/wp\/v2\/pages\/2084"}],"wp:attachment":[{"href":"https:\/\/www.bbdw.at\/index.php?rest_route=%2Fwp%2Fv2%2Fmedia&parent=2147"}],"curies":[{"name":"wp","href":"https:\/\/api.w.org\/{rel}","templated":true}]}}