{"id":2236,"date":"2017-06-06T11:26:41","date_gmt":"2017-06-06T09:26:41","guid":{"rendered":"http:\/\/www.thebigband.at\/?page_id=2236"},"modified":"2017-06-06T11:26:41","modified_gmt":"2017-06-06T09:26:41","slug":"musik-unter-sternen-2017","status":"publish","type":"page","link":"https:\/\/www.bbdw.at\/?page_id=2236","title":{"rendered":"Musik unter Sternen 2017"},"content":{"rendered":"<p>Am 3. Juni fand unser traditionelles Open-Air im Garten der Musikschule Deutsch-Wagram statt. Ebenso traditionell war das Wetter perfekt und einem gro\u00dfartigen Abend mit Swing und Jazz-Kl\u00e4ngen stand nichts im Weg. Neu dieses Jahr war unter anderem &#8222;Wenke!!!&#8220;, geschrieben von unserem musikalischem Leiter Siegmar Brecher. Urspr\u00fcnglich f\u00fcr Edi Nulz komponiert liegt das zeitgen\u00f6ssische St\u00fcck zu unserem\u00a0Gl\u00fcck auch in einem Big Band Arrangement von Stefan Schultze vor. Weiters gab es einige neue Vocal-Arrangements wie &#8222;Makin&#8216; Whoopee&#8220;, &#8222;The Man I Love&#8220;\u00a0oder &#8222;The Girl from Ipanema&#8220; zu h\u00f6ren.<br \/>\nEinige Schmankerln kann man in unserer <a href=\"https:\/\/www.youtube.com\/watch?v=XPe9s73plwQ&amp;list=PLfuKvwNQkuo7RvwP_6Xau4nlS_6pQzRna\">YouTube-Playlist <\/a>von dem unvergesslichen Abend nachh\u00f6ren:<\/p>\n<p><iframe loading=\"lazy\" title=\"April in Paris - The Big Band Deutsch-Wagram\" width=\"474\" height=\"267\" src=\"https:\/\/www.youtube.com\/embed\/XPe9s73plwQ?list=PLfuKvwNQkuo7RvwP_6Xau4nlS_6pQzRna\" frameborder=\"0\" allow=\"accelerometer; autoplay; clipboard-write; encrypted-media; gyroscope; picture-in-picture; web-share\" referrerpolicy=\"strict-origin-when-cross-origin\" allowfullscreen><\/iframe><\/p>\n<p>An der Stelle m\u00f6chten wir uns bei allen bedanken, die uns auch dieses Schuljahr so gro\u00dfartig unterst\u00fctzt haben. Allen voran Tscharlie Rosenmayer, ohne dem Abende wie diese gar nicht vorstellbar w\u00e4ren. Besonders herzlichen Dank auch an die Stadtgemeinde Deutsch-Wagram und dem Lions Club, welcher uns dieses Jahr kulinarisch erstklassig versorgte.<\/p>\n","protected":false},"excerpt":{"rendered":"<p>Am 3. Juni fand unser traditionelles Open-Air im Garten der Musikschule Deutsch-Wagram statt. Ebenso traditionell war das Wetter perfekt und einem gro\u00dfartigen Abend mit Swing und Jazz-Kl\u00e4ngen stand nichts im Weg. Neu dieses Jahr war unter anderem &#8222;Wenke!!!&#8220;, geschrieben von unserem musikalischem Leiter Siegmar Brecher. Urspr\u00fcnglich f\u00fcr Edi Nulz komponiert liegt das zeitgen\u00f6ssische St\u00fcck zu &hellip; <a href=\"https:\/\/www.bbdw.at\/?page_id=2236\" class=\"more-link\"><span class=\"screen-reader-text\">Musik unter Sternen 2017<\/span> weiterlesen <span class=\"meta-nav\">&rarr;<\/span><\/a><\/p>\n","protected":false},"author":2,"featured_media":0,"parent":2204,"menu_order":5,"comment_status":"closed","ping_status":"closed","template":"","meta":{"footnotes":""},"class_list":["post-2236","page","type-page","status-publish","hentry"],"_links":{"self":[{"href":"https:\/\/www.bbdw.at\/index.php?rest_route=\/wp\/v2\/pages\/2236","targetHints":{"allow":["GET"]}}],"collection":[{"href":"https:\/\/www.bbdw.at\/index.php?rest_route=\/wp\/v2\/pages"}],"about":[{"href":"https:\/\/www.bbdw.at\/index.php?rest_route=\/wp\/v2\/types\/page"}],"author":[{"embeddable":true,"href":"https:\/\/www.bbdw.at\/index.php?rest_route=\/wp\/v2\/users\/2"}],"replies":[{"embeddable":true,"href":"https:\/\/www.bbdw.at\/index.php?rest_route=%2Fwp%2Fv2%2Fcomments&post=2236"}],"version-history":[{"count":0,"href":"https:\/\/www.bbdw.at\/index.php?rest_route=\/wp\/v2\/pages\/2236\/revisions"}],"up":[{"embeddable":true,"href":"https:\/\/www.bbdw.at\/index.php?rest_route=\/wp\/v2\/pages\/2204"}],"wp:attachment":[{"href":"https:\/\/www.bbdw.at\/index.php?rest_route=%2Fwp%2Fv2%2Fmedia&parent=2236"}],"curies":[{"name":"wp","href":"https:\/\/api.w.org\/{rel}","templated":true}]}}