{"id":2367,"date":"2018-11-26T16:12:14","date_gmt":"2018-11-26T15:12:14","guid":{"rendered":"https:\/\/www.bbdw.at\/?page_id=2367"},"modified":"2018-11-26T16:15:09","modified_gmt":"2018-11-26T15:15:09","slug":"stadtsaal-hollabrunn","status":"publish","type":"page","link":"https:\/\/www.bbdw.at\/?page_id=2367","title":{"rendered":"Konzert im Stadtsaal Hollabrunn"},"content":{"rendered":"<p>Kiwanis Club Hollabrunn-Weinviertel lud zum gro\u00dfen Big Band Konzert in den tollen Stadtsaal Hollabrunn.<br \/>\nGemeinsam mit der Big Band 3.0 MS Hollabrunn wurde ein gro\u00dfartiger Abend f\u00fcr einen guten Zweck veranstaltet.<\/p>\n<figure id=\"attachment_2369\" aria-describedby=\"caption-attachment-2369\" style=\"width: 300px\" class=\"wp-caption alignnone\"><img loading=\"lazy\" decoding=\"async\" class=\"size-medium wp-image-2369\" src=\"https:\/\/www.bbdw.at\/wp-content\/uploads\/2018\/11\/20181126_BB-Konzert_Hollabrunn_Plakat-300x267.png\" alt=\"\" width=\"300\" height=\"267\" srcset=\"https:\/\/www.bbdw.at\/wp-content\/uploads\/2018\/11\/20181126_BB-Konzert_Hollabrunn_Plakat-300x267.png 300w, https:\/\/www.bbdw.at\/wp-content\/uploads\/2018\/11\/20181126_BB-Konzert_Hollabrunn_Plakat.png 710w\" sizes=\"auto, (max-width: 300px) 100vw, 300px\" \/><figcaption id=\"caption-attachment-2369\" class=\"wp-caption-text\">Plakat f\u00fcr das Big Band Konzert im Stadtsaal Hollabrunn vom Sonntag, den 25. November 2018<\/figcaption><\/figure>\n","protected":false},"excerpt":{"rendered":"<p>Kiwanis Club Hollabrunn-Weinviertel lud zum gro\u00dfen Big Band Konzert in den tollen Stadtsaal Hollabrunn. Gemeinsam mit der Big Band 3.0 MS Hollabrunn wurde ein gro\u00dfartiger Abend f\u00fcr einen guten Zweck veranstaltet.<\/p>\n","protected":false},"author":2,"featured_media":0,"parent":2287,"menu_order":0,"comment_status":"closed","ping_status":"closed","template":"","meta":{"footnotes":""},"class_list":["post-2367","page","type-page","status-publish","hentry"],"_links":{"self":[{"href":"https:\/\/www.bbdw.at\/index.php?rest_route=\/wp\/v2\/pages\/2367","targetHints":{"allow":["GET"]}}],"collection":[{"href":"https:\/\/www.bbdw.at\/index.php?rest_route=\/wp\/v2\/pages"}],"about":[{"href":"https:\/\/www.bbdw.at\/index.php?rest_route=\/wp\/v2\/types\/page"}],"author":[{"embeddable":true,"href":"https:\/\/www.bbdw.at\/index.php?rest_route=\/wp\/v2\/users\/2"}],"replies":[{"embeddable":true,"href":"https:\/\/www.bbdw.at\/index.php?rest_route=%2Fwp%2Fv2%2Fcomments&post=2367"}],"version-history":[{"count":3,"href":"https:\/\/www.bbdw.at\/index.php?rest_route=\/wp\/v2\/pages\/2367\/revisions"}],"predecessor-version":[{"id":2371,"href":"https:\/\/www.bbdw.at\/index.php?rest_route=\/wp\/v2\/pages\/2367\/revisions\/2371"}],"up":[{"embeddable":true,"href":"https:\/\/www.bbdw.at\/index.php?rest_route=\/wp\/v2\/pages\/2287"}],"wp:attachment":[{"href":"https:\/\/www.bbdw.at\/index.php?rest_route=%2Fwp%2Fv2%2Fmedia&parent=2367"}],"curies":[{"name":"wp","href":"https:\/\/api.w.org\/{rel}","templated":true}]}}